Let j(a) = -2*a**3 - a**2 - 3*a - 4. What are the prime factors of j(t)?
2, 7
Let p(z) be the third derivative of z**4/24 + 47*z**3/3 - 8*z**2. What are the prime factors of p(0)?
2, 47
Let u(n) = n. Let p be u(4). List the prime factors of 12 - -1*(-3 + p).
13
Let j(o) = 90*o + 64. List the prime factors of j(4).
2, 53
Let v(o) = o**3 - 6*o**2 + 9*o + 12. Suppose -3*l + 4 = -5*t + 41, -3*t + l + 19 = 0. List the prime factors of v(t).
2
Let m(w) = 2*w**2 - 2. Let r be m(-2). Suppose z = 4*z - r. Let b = 4 - z. What are the prime factors of b?
2
Suppose 5*t - 3854 = -1219. List the prime factors of t.
17, 31
Let f(c) = c**2 - 5*c - 1. Let q be f(4). Let d be (-4)/(-10) + (-93)/q. Suppose 5*y = d + 11. List the prime factors of y.
2, 3
List the prime factors of 672 - (-7 + 14 + -10).
3, 5
What are the prime factors of ((-16)/3 + 6)/(5/16860)?
2, 281
Suppose 5*k - 2113 = 1507. What are the prime factors of k?
2, 181
Let y(a) = 50*a**3 - 3*a**2 + 3*a - 1. List the prime factors of y(1).
7
Suppose 237 = 5*t - 4*k - 25, 0 = -4*t - 5*k + 185. Let g = t + 12. Let y = g - 26. List the prime factors of y.
2, 3
Let j(t) = t + 13. Let v be j(-8). Suppose 12 = -4*w, -4*w + 141 = v*i - 212. List the prime factors of i.
73
Let k = -13 + 5. Let r be 11 + 0 - (k + 7). What are the prime factors of r/(-16) - (-75)/4?
2, 3
Let p = 20 + -6. Suppose p = k + k. Suppose k - 61 = -3*l. List the prime factors of l.
2, 3
Let k = 377 + -108. List the prime factors of k.
269
Let q(x) = 10*x + 5. Let g(u) = 5*u + 3. Let n(d) = 11*g(d) - 6*q(d). Let h(y) = -y**3 + 4*y**2 + y + 11. Let r be h(5). What are the prime factors of n(r)?
2, 3
Let q be (1/3)/(3/297*1). Let g = q - 23. List the prime factors of g.
2, 5
Let l = 43 + -44. List the prime factors of -5 - l - (2 - 40).
2, 17
What are the prime factors of (-6)/15 + (-14114)/(-10) + 4?
5, 283
List the prime factors of (-1108)/(-6) - (-10)/(-15).
2, 23
Let h = -21 - -26. Suppose 2*z - 162 = h*c, c - 220 = -3*z - 3*c. What are the prime factors of z?
2, 19
Let q be (-44)/(-11)*658/(-4). Let k be (q/(-35))/(3/15). What are the prime factors of -2*k*3/(-12)?
47
Let j = 32 - 56. Suppose 45 = -3*u - 72. Let h = j - u. What are the prime factors of h?
3, 5
Let k(o) = -104*o - 448. List the prime factors of k(-21).
2, 7, 31
Suppose -p - 3*a - 100 = -0*a, -3*a = -p - 130. Let w = p - -69. Let x = w + 91. List the prime factors of x.
3, 5
Suppose 2*g - 7 = -23. Let x = -11 - g. List the prime factors of (-3)/(1/x + 0).
3
Let v(s) = -207*s - 528. List the prime factors of v(-24).
2, 3, 5, 37
Let j be (280/(-98))/(4/(-14)). Let p = -8 + j. Suppose 3*t - 2*t = -p*y + 63, 5*y = 15. What are the prime factors of t?
3, 19
Let h = -139 - -383. What are the prime factors of h?
2, 61
Let i be 2 - 1 - (-2 - 388). Suppose 4*s + i = 1015. Suppose 4*t - s = -4. List the prime factors of t.
2, 19
Let f = -12 - -6. Let c = f - -13. Let k(g) = g**3 - 7*g**2 + 8. What are the prime factors of k(c)?
2
Let z(x) = x**2 - 9*x - 10. Let a be z(-5). Suppose -a = 11*h - 10*h. Let o = h + 118. List the prime factors of o.
2, 29
Suppose -3*s - 5*d + 169 = 0, 10 + 10 = 4*d. List the prime factors of (-56)/6*s/(-32).
2, 7
Let f(v) = 11*v**2 - 4*v + 7. Let c be f(3). Let w = c - 37. What are the prime factors of w?
3, 19
What are the prime factors of (-5895)/(-6) - 4/(-8)?
983
List the prime factors of -1*(-2)/(-6) - 90916/(-84).
2, 541
Let u(c) = c**3 + 11*c**2 + 3*c + 4. Let k be u(-10). Suppose 0*d + k = d. What are the prime factors of d?
2, 37
Let n(q) = 2*q**3 - q**2 + 3. Let w be n(0). Suppose 53 = w*k - 4*f - 63, 4*f = 2*k - 76. List the prime factors of k.
2, 5
Let p = -3 + 1. Let k be (p - (0 - 0)) + 11. List the prime factors of -6*42/k*-1.
2, 7
Let d = 1793 - 862. List the prime factors of d.
7, 19
List the prime factors of 700/(-15)*300/(-14).
2, 5
Let m be 759/9*48/8. What are the prime factors of m/6 - 8/(-12)?
5, 17
Suppose 17*d - 300 = -45. List the prime factors of d.
3, 5
Suppose -t - 4*g - 527 = -2*t, 4*g + 2587 = 5*t. List the prime factors of t.
5, 103
Suppose -c + 7 = 1. Let q(r) = r**2 + 2*r - 9. List the prime factors of q(c).
3, 13
Suppose 49*i + 6 = 47*i. Suppose -r + 5*v + 9 = -24, -54 = -2*r + 4*v. What are the prime factors of (r - i - -1) + 0?
3
Let n = 4465 + -2576. What are the prime factors of n?
1889
Let y(o) = -8*o - 17*o + 3 + 3 - 5. What are the prime factors of y(-2)?
3, 17
Let l(k) = k**3 + 18*k**2 - 32*k + 9. List the prime factors of l(-15).
2, 3, 97
Suppose -g - 9 = -4*g, 0 = -j + 3*g - 15. What are the prime factors of (-22)/(1 + j/5)?
2, 5, 11
What are the prime factors of ((-1)/(-7) - 22137/21)*-2?
2, 17, 31
Suppose -28*t + 49948 + 228 = 0. What are the prime factors of t?
2, 7
Let p = -38 + 36. List the prime factors of ((-1)/p - -1)*4.
2, 3
Let t(j) be the third derivative of j**5/15 + j**3/6 + 16*j**2. What are the prime factors of t(2)?
17
Suppose -41*v + 11148 = -35*v. List the prime factors of v.
2, 929
Let y = -15 + 7. Let l = y + 50. List the prime factors of (7 - 1)/(l/280).
2, 5
Let o be 1396*(-9)/(-132) - (-2)/(-11). Let r = o - 23. What are the prime factors of r?
2, 3
Suppose 15*g - 1311 - 10269 = 0. What are the prime factors of g?
2, 193
Let s(p) be the third derivative of -19*p**4/24 - p**3 - 5*p**2. List the prime factors of s(-4).
2, 5, 7
Suppose -3*f = -f - 180. Suppose -2*w + 4*p = 70, -f = 5*w - 3*p + 57. Let a = 42 - w. What are the prime factors of a?
3, 23
Suppose -w - w = 0. Suppose w = 2*j - j. Suppose -3*b = -j*b - 90. List the prime factors of b.
2, 3, 5
Let j be (6 + (-189)/28)/(2/(-8)). Suppose 5*n - 701 = -j*v, -v - 420 = -3*n - 3*v. List the prime factors of n.
2, 71
Let u(t) = t**3 - 2*t**2 + 5*t - 2. Let l be 7/((-28)/(-12)) + 0. Let k be u(l). Suppose 6 = x - k. What are the prime factors of x?
2, 7
Let z(f) = 21*f + 1. Let a(y) = y**3 - 10*y**2 + 9*y + 2. Let k be a(9). List the prime factors of z(k).
43
Suppose 5*j = j + 16. Let u(z) = 33*z - 34. List the prime factors of u(j).
2, 7
Suppose -5*i + 355 = -200. Suppose -109*o - 68 = -i*o. List the prime factors of o.
2, 17
Let r(j) = 47*j**2 + 2*j - 1. Let t be r(-2). Suppose -3*v = 3*b - t, v + 3*b - 82 = -25. What are the prime factors of v?
3, 7
Let i = 1990 - 1102. List the prime factors of i.
2, 3, 37
Let o(v) = v**2 - 4*v - 54. Let c(m) = -m**2 - 12*m - 14. Let t be c(-12). List the prime factors of o(t).
2, 3, 11
Let d(m) = 6*m + 42. What are the prime factors of d(11)?
2, 3
Suppose 24 = 4*i + 2*b, 3*i + 5*b - 12 = 20. Suppose 3*h + 0*h + w + 12 = 0, -18 = 2*h + i*w. What are the prime factors of ((-2)/h)/(8/324)?
3
Suppose -315*l + 324*l - 26460 = 0. What are the prime factors of l?
2, 3, 5, 7
Let f = -39 - -107. Suppose 14 - f = -6*v. List the prime factors of v.
3
Let u(l) = 5*l**2 + 2*l - 2. Let p be u(4). Suppose 2*q - 4*r + p = 0, 7*r - 127 = 3*q + 2*r. List the prime factors of (q/6)/((-1)/2).
13
List the prime factors of 1530 + -8 + (-90)/(-5).
2, 5, 7, 11
What are the prime factors of ((-42)/(-8))/(10/((-18560)/(-12)))?
2, 7, 29
Let m be 5*((-2)/7 - 368/(-112)). Suppose m = a - 11. List the prime factors of a.
2, 13
Let n(f) = 2*f**2 + 23*f - 3. Suppose -3*s + 18 = 3*s. Suppose 2*j + 28 = -0*j - b, -s*b = -5*j - 48. List the prime factors of n(j).
3
Let m(b) = -b**2 - 9*b + 49. Let s be (-5 + 9)*(-33)/12. What are the prime factors of m(s)?
3
Suppose 7*w + 4*i + 4 = 4*w, -w + 5*i = -24. Suppose 4*t + 4*n + 0*n - 896 = 0, -2*t = -w*n - 418. What are the prime factors of t?
3, 73
Suppose 67*j = 70*j - 2055. Suppose j = 3*c - 77. What are the prime factors of c?
2, 127
Let v = -62 + 128. List the prime factors of v - (3 + (-6 - -1)).
2, 17
Let r(a) = -a**2 - 2*a - 11. Let z(f) = -4*f**2 - 5*f - 34. Let g(k) = -7*r(k) + 2*z(k). Let y be g(7). List the prime factors of (-92)/(-12) + 8/y.
7
Suppose -5*c + 16*o = 19*o - 24062, -c + 4817 = -4*o. What are the prime factors of c?
4813
Suppose -4*b = -4*j + b + 972, 3*j = -5*b + 694. What are the prime factors of j/2 + 1 + 1/(-1)?
7, 17
Let z(j) = -8*j**2 + 152*j - 3. List the prime factors of z(14).
557
Let m(s) = -s**2 - 9*s + 7. Let g be m(-9). Suppose 3*c - 43 = -g. List the prime factors of c.
2, 3
Let b(u) = -u - 13. Let c be b(-15). Suppose 0 = -4*t - c*t + 144. 